et f be q(6). What is the greatest common factor of f and n?
7
Suppose 4*l + 4*q - 44 = 0, 5*l - 20 = -2*q + 44. What is the highest common divisor of 2 and l?
2
Suppose -v + 6 = -0*v - 3*w, 5*w = 5*v - 10. Suppose -2*l + 4*k + 8 = 0, 0 = 3*l - v*l + 5*k - 1. Calculate the greatest common factor of 6 and l.
2
Suppose -2*z + 0*h - 2*h = 0, -h = 4*z. Suppose z = a - 0*a - 8. What is the highest common divisor of a and 56?
8
Suppose -c + t = 0, 5*c - 24 = -5*t + 2*t. Suppose -2*b + 4*y + 43 = -13, 2*b - 42 = -c*y. What is the highest common factor of 12 and b?
12
Let h(x) = -x**2 + 13*x - 4. Let o be h(10). Calculate the greatest common factor of 182 and o.
26
Suppose a = 5*a - 120. What is the greatest common divisor of a and 12?
6
Let a = 1 - 1. Suppose 18 = 4*q - 30. Suppose -2*l = -5*s + 18 - 3, -2*s + 2*l + q = a. Calculate the highest common divisor of 1 and s.
1
Let n(y) = -3*y - 23. Let l be n(-11). What is the greatest common factor of l and 90?
10
Suppose 2 = -o + 5. Suppose 3*g + 5*g = 168. What is the greatest common divisor of o and g?
3
Let q(k) be the third derivative of -k**4/8 - k**3 + 5*k**2. Let b be q(-4). What is the greatest common factor of b and 6?
6
Let w be ((-306)/15)/((-2)/5). What is the highest common divisor of w and 51?
51
Let f(q) = 5*q**3 + 3*q**2 - q - 2. Let b be f(2). Calculate the greatest common factor of 6 and b.
6
Let o(q) = q**2 + 2. Let m be o(-4). Let i be 9/((-284)/72 - -4). Calculate the greatest common divisor of m and i.
18
Let k = 59 + -34. Suppose -5*x = -70 + k. Suppose 14 = g + 2*y - y, 0 = g + 5*y - 34. Calculate the greatest common factor of g and x.
9
Let s be (3 - (-3)/(-3))/(2/13). Let d = -11 + 24. Calculate the greatest common factor of s and d.
13
Suppose -i + 4*j = 0, -2*i + 5 = -3*j - 5. What is the highest common factor of 1 and i?
1
Let b = -49 - -50. What is the highest common divisor of 3 and b?
1
Suppose 3*m - 5 = 1. Suppose -x = n - 9, -n - 45 = -3*x + m. Calculate the greatest common factor of 2 and x.
2
Suppose 0 = 5*r + 3 + 12, 5*r + 35 = 5*m. Suppose 3*y - x + 0*x = 417, -m*y - 2*x + 566 = 0. Calculate the greatest common factor of y and 20.
20
Suppose -5*k = -4*g - 3, -g + 2 - 8 = -3*k. Suppose -2*w + g*w - 7 = 0. Suppose -3*x = 2*x - 175. Calculate the greatest common factor of w and x.
7
Let r = -2 - -4. Suppose -3*w + 4*h = -29, 4*w - r*h + 3*h = 45. Suppose 4*a = -5*o + 13, -a + 1 = 5*o - 3*a. Calculate the greatest common divisor of o and w.
1
Suppose 4*y + 31 = 79. Calculate the highest common factor of y and 96.
12
Suppose 2*t + 0*t - 10 = 0. Suppose -3*n + 40 = -t*z, 0*z = 5*n + z - 104. Suppose -4*x + 16 + n = 0. Calculate the highest common divisor of x and 9.
9
Let x = 112 + -46. What is the highest common factor of 33 and x?
33
Suppose 440 = 8*b - 4*b. Let m be b/7 - (-2)/7. Calculate the greatest common divisor of m and 40.
8
Let v(g) = -g + 1. Let d be v(-5). Let x(z) = 3*z - 4. Let k be x(d). Let h = k - 7. What is the greatest common divisor of 28 and h?
7
Suppose 108 = 183*y - 181*y. Calculate the greatest common factor of y and 90.
18
Let s(d) = 3*d + 18. Let q be s(0). What is the greatest common factor of 90 and q?
18
Let c(b) = b**2 + 10*b + 15. Let r be c(-13). What is the greatest common factor of 36 and r?
18
Suppose 5*i + 35 = 4*u, 7 = u - 4*i + i. Let s = u + -5. Suppose c = 5*y - 3*c - 64, -s*y - 3*c + 57 = 0. Calculate the highest common divisor of 12 and y.
12
Suppose u - 2 = 0, -4*b + 32 = -0*b - 4*u. Let s = b - -1. Calculate the greatest common divisor of 77 and s.
11
Let x(a) = -12*a + 52. Let h be x(3). Let v be 2/(-5) + (-2424)/(-10). Let t = v + -98. Calculate the greatest common divisor of t and h.
16
Let o be 12*(1 + 1) + 0. Let s be 18/(-4)*4/(-6). Suppose -g = -5*w - 36, 3*w + 2*w = -s*g + 108. Calculate the greatest common factor of o and g.
12
Let d(t) = 4*t - 4. Let n be d(-4). Let m be (-5)/n + (-86)/(-8). What is the greatest common factor of m and 88?
11
Let c(r) = 5*r**2 - 2*r - 31. Let l be c(7). Calculate the greatest common factor of 25 and l.
25
Suppose 530 = 5*u - 315. Suppose 5*s - 5*i = 190 - 15, -5*s + 2*i + u = 0. Calculate the greatest common factor of s and 3.
3
Let c(d) = -d**3 + 7*d**2 + 2*d - 8. Suppose 6*f - 5*z - 10 = f, -5*f - 4*z + 55 = 0. Let s be c(f). Calculate the highest common divisor of 9 and s.
3
Suppose 0 = -11*a - 24 + 409. Calculate the highest common divisor of 140 and a.
35
Let x be 3/2*(3 + -1). Suppose 4*g + 32 = 5*l, 5*g + 10 = -l - 1. Let s(c) = -2*c - 4. Let r be s(g). What is the greatest common divisor of r and x?
1
Let h = -68 - -126. Suppose -o + 41 = -2*z, 4*o - 2*o + 2*z = h. Let w be (-14)/(-6) + 2/3. What is the highest common divisor of w and o?
3
Let w be -64*((-54)/(-12))/(-9). What is the greatest common factor of 8 and w?
8
Let z(j) = 3*j**2 + 8*j - 5. Let c be z(7). Let w be ((-1)/(-2))/(3/c). Calculate the highest common factor of w and 3.
3
Let g = 6 - 4. Let l(i) = 7*i**3 + i**2 + 2*i - 1. Let b be l(g). What is the greatest common factor of 42 and b?
21
Let x(d) = -22*d**3 + d**2 + d + 1. Let y be x(-1). Suppose a = -5*n + 5*a - y, 0 = -2*a + 4. Let v = 66 + n. What is the greatest common factor of v and 7?
7
Let g(r) = -16*r. Let b be g(-3). Let u be (-1)/(2/(2 - 136)). Let t = 99 - u. What is the greatest common factor of b and t?
16
Suppose -11*u - 8*u = -3990. What is the highest common factor of u and 42?
42
Let c = 54 + -21. What is the highest common factor of c and 22?
11
Let h = 0 + -3. Let z = 7 + h. Suppose -20 = -z*r + 44. What is the greatest common factor of r and 176?
16
Let j(g) = 7*g**2 - 4*g + 2. Let f be j(3). Let u = f - 33. Calculate the highest common factor of u and 30.
10
Suppose 5 + 9 = -5*x - f, 2*x - f = 0. Let m be (-3)/(-3)*(-10)/x. What is the highest common divisor of 55 and m?
5
Suppose 0*k - 81 = -3*k + s, -k + s + 29 = 0. What is the greatest common factor of k and 65?
13
Let k = 6 - 0. Let l be 1483/9 + 2/9. Suppose -k*g + g = -l. Calculate the highest common divisor of g and 3.
3
Suppose 5 = i + 3. Suppose g + 2*g + 15 = 0, -5*r = i*g - 10. What is the greatest common divisor of r and 32?
4
Let h be 18/15*(-30)/(-9). Suppose -2*i + h = 5*s, 0*i + 2*i = 5*s + 44. Calculate the highest common divisor of 8 and i.
4
Suppose -16 = -5*n + n. Let w = 39 - n. Let j = 14 + w. Calculate the highest common factor of j and 7.
7
Suppose -5*l + 5*u + 830 = 0, 5*l = -3*u - 0*u + 822. Let h be 579/39 + 2/13. What is the greatest common factor of h and l?
15
Let o be ((-20)/3)/((-1)/6). Calculate the greatest common factor of o and 20.
20
Suppose -14 = -4*h + 2. Suppose -z + h = -2. Let q be (22/10 - 1)*5. What is the highest common divisor of q and z?
6
Let m(y) = y + 4. Let t be m(3). Suppose -2*k + 3*k = -2*n - t, -3*n - 10 = 2*k. Suppose 6*g = 4*g + 16. What is the greatest common divisor of k and g?
1
Suppose 2*m = 2*h - 18, 5*h - 55 = -0*h - 5*m. Calculate the greatest common factor of 100 and h.
10
Let h be -4 + (4 - -2) + 18. What is the highest common divisor of h and 10?
10
Let l(r) = -4*r. Let q be l(-4). Let x = 383 - 379. Calculate the greatest common divisor of q and x.
4
Let y(c) = c**2 - 6*c - 1. Let m be y(7). Suppose 2*n + m = 4*n. What is the highest common factor of n and 33?
3
Let i(x) = 2*x - 4. Let o(b) = -b + 1. Let l be o(-3). Let r be i(l). Let c = -20 - -30. Calculate the greatest common divisor of c and r.
2
Let u = -1 + 4. Suppose 0 = 3*r - 98 - 100. Suppose -r + 3 = -3*l. Calculate the greatest common divisor of l and u.
3
Let p = -1 + 7. Let j be 2/p + 50/(-15). Let d be (-498)/(-9) + (-2)/j. What is the greatest common factor of 8 and d?
8
Suppose -528 = 2*k - 5*k. Calculate the highest common factor of k and 16.
16
Let f(o) = o**3 + 10*o**2 - 10*o + 13. Let w be f(-11). Suppose s - 54 = -3*k, -w*s - 6*k = -k - 108. Calculate the greatest common divisor of 18 and s.
18
Let c(h) = -4*h**3 + h - 2. Let s be c(-2). Let y be (0 + 4)/(2/1). Suppose -3*f = 2*r - 8, -y*r + 4*f + 4 = -r. What is the greatest common factor of r and s?
4
Let m = 147 - -100. Let v = m - 49. Calculate the greatest common divisor of 18 and v.
18
Let w(a) = -2*a**3 - 14*a**2 - 7*a + 6. Let u be w(-7). Calculate the highest common factor of u and 5.
5
